rime factors of 3409.
7, 487
What are the prime factors of 2534?
2, 7, 181
What are the prime factors of 142207?
13, 10939
List the prime factors of 1225.
5, 7
List the prime factors of 2458.
2, 1229
What are the prime factors of 54740?
2, 5, 7, 17, 23
What are the prime factors of 26525?
5, 1061
What are the prime factors of 82779?
3, 41, 673
What are the prime factors of 83563?
83563
List the prime factors of 15508.
2, 3877
What are the prime factors of 41012?
2, 10253
List the prime factors of 115714.
2, 47, 1231
List the prime factors of 495.
3, 5, 11
What are the prime factors of 664?
2, 83
List the prime factors of 1165.
5, 233
What are the prime factors of 56748?
2, 3, 4729
What are the prime factors of 3847?
3847
List the prime factors of 42743.
42743
List the prime factors of 45712.
2, 2857
List the prime factors of 1419.
3, 11, 43
List the prime factors of 979.
11, 89
What are the prime factors of 337?
337
What are the prime factors of 48833?
47, 1039
What are the prime factors of 2813?
29, 97
What are the prime factors of 150181?
179, 839
What are the prime factors of 10076?
2, 11, 229
List the prime factors of 712.
2, 89
What are the prime factors of 50593?
50593
What are the prime factors of 45469?
41, 1109
List the prime factors of 2088.
2, 3, 29
What are the prime factors of 1429?
1429
List the prime factors of 151790.
2, 5, 43, 353
List the prime factors of 49.
7
What are the prime factors of 3436?
2, 859
What are the prime factors of 1868?
2, 467
What are the prime factors of 14691?
3, 59, 83
What are the prime factors of 3821?
3821
List the prime factors of 8519.
7, 1217
What are the prime factors of 30129?
3, 11, 83
List the prime factors of 31993.
13, 23, 107
List the prime factors of 949.
13, 73
List the prime factors of 66335.
5, 13267
What are the prime factors of 1998?
2, 3, 37
What are the prime factors of 1075?
5, 43
List the prime factors of 31988.
2, 11, 727
List the prime factors of 4078.
2, 2039
What are the prime factors of 8248?
2, 1031
What are the prime factors of 38975?
5, 1559
What are the prime factors of 958?
2, 479
List the prime factors of 3799.
29, 131
List the prime factors of 112594.
2, 19, 2963
List the prime factors of 21644.
2, 7, 773
What are the prime factors of 2544?
2, 3, 53
What are the prime factors of 1523?
1523
List the prime factors of 618.
2, 3, 103
What are the prime factors of 11539?
11, 1049
What are the prime factors of 13920?
2, 3, 5, 29
What are the prime factors of 11127?
3, 3709
What are the prime factors of 2962?
2, 1481
List the prime factors of 1189.
29, 41
What are the prime factors of 1102?
2, 19, 29
What are the prime factors of 1977?
3, 659
List the prime factors of 12305.
5, 23, 107
List the prime factors of 244.
2, 61
What are the prime factors of 35?
5, 7
List the prime factors of 173.
173
What are the prime factors of 3774?
2, 3, 17, 37
What are the prime factors of 10047?
3, 17, 197
What are the prime factors of 1425?
3, 5, 19
List the prime factors of 117878.
2, 17, 3467
List the prime factors of 14174.
2, 19, 373
List the prime factors of 22463.
7, 3209
List the prime factors of 13803.
3, 43, 107
List the prime factors of 66723.
3, 23, 967
What are the prime factors of 10045?
5, 7, 41
What are the prime factors of 4119?
3, 1373
List the prime factors of 10665.
3, 5, 79
What are the prime factors of 140826?
2, 3, 7, 479
List the prime factors of 27238.
2, 13619
List the prime factors of 5737.
5737
What are the prime factors of 2527?
7, 19
What are the prime factors of 32241?
3, 11, 977
What are the prime factors of 626?
2, 313
List the prime factors of 2349.
3, 29
What are the prime factors of 455?
5, 7, 13
What are the prime factors of 2217?
3, 739
List the prime factors of 72072.
2, 3, 7, 11, 13
What are the prime factors of 676?
2, 13
List the prime factors of 776.
2, 97
List the prime factors of 31696.
2, 7, 283
What are the prime factors of 19398?
2, 3, 53, 61
What are the prime factors of 1733?
1733
What are the prime factors of 3353?
7, 479
List the prime factors of 62519.
101, 619
What are the prime factors of 42459?
3, 14153
List the prime factors of 2297.
2297
What are the prime factors of 14581?
7, 2083
What are the prime factors of 51417?
3, 29, 197
What are the prime factors of 927?
3, 103
What are the prime factors of 504?
2, 3, 7
List the prime factors of 10904.
2, 29, 47
List the prime factors of 2438.
2, 23, 53
List the prime factors of 5264.
2, 7, 47
List the prime factors of 95960.
2, 5, 2399
What are the prime factors of 947?
947
What are the prime factors of 56079?
3, 31, 67
What are the prime factors of 16309?
47, 347
List the prime factors of 12190.
2, 5, 23, 53
What are the prime factors of 6558?
2, 3, 1093
List the prime factors of 1336.
2, 167
What are the prime factors of 7999?
19, 421
List the prime factors of 8894.
2, 4447
List the prime factors of 1138.
2, 569
What are the prime factors of 232?
2, 29
List the prime factors of 175912.
2, 11, 1999
What are the prime factors of 28?
2, 7
What are the prime factors of 10596?
2, 3, 883
List the prime factors of 93388.
2, 37, 631
List the prime factors of 4158.
2, 3, 7, 11
List the prime factors of 4166.
2, 2083
What are the prime factors of 9954?
2, 3, 7, 79
List the prime factors of 208.
2, 13
List the prime factors of 1211.
7, 173
List the prime factors of 1897.
7, 271
What are the prime factors of 9773?
29, 337
What are the prime factors of 37163?
7, 5309
List the prime factors of 7912.
2, 23, 43
What are the prime factors of 528?
2, 3, 11
What are the prime factors of 23767?
23767
List the prime factors of 14348.
2, 17, 211
List the prime factors of 53434.
2, 26717
What are the prime factors of 3912?
2, 3, 163
What are the prime factors of 3233?
53, 61
What are the prime factors of 7848?
2, 3, 109
List the prime factors of 927.
3, 103
List the prime factors of 108245.
5, 21649
What are the prime factors of 43724?
2, 17, 643
What are the prime factors of 35963?
35963
What are the prime factors of 17905?
5, 3581
List the prime factors of 1147.
31, 37
List the prime factors of 2422.
2, 7, 173
What are the prime factors of 34977?
3, 89, 131
List the prime factors of 1202.
2, 601
List the prime factors of 5316.
2, 3, 443
What are the prime factors of 646?
2, 17, 19
List the prime factors of 189.
3, 7
List the prime factors of 74887.
74887
What are the prime factors of 158?
2, 79
List the prime factors of 1382.
2, 691
List the prime factors of 15436.
2, 17, 227
List the prime factors of 3844.
2, 31
What are the prime factors of 1002?
2, 3, 167
What are the prime factors of 1375?
5, 11
List the prime factors of 64522.
2, 32261
What are the prime factors of 6788?
2, 1697
What are the prime factors of 47933?
47933
What are the prime factors of 3144?
2, 3, 131
List the prime factors of 17102.
2, 17, 503
List the prime factors of 16704.
2, 3, 29
List the prime factors of 15618.
2, 3, 19, 137
List the prime factors of 123.
3, 41
What are the prime factors of 1069?
1069
What are the prime factors of 23148?
2, 3, 643
What are the prime factors of 32729?
23, 1423
List the prime factors of 365.
5, 73
What are the prime factors of 2439?
3, 271
List the prime factors of 909.
3, 101
What are the prime factors of 1973?
1973
What are the prime factors of 777?
3, 7, 37
List the prime factors of 7489.
7489
What are the prime factors of 3971?
11, 19
What are the prime factors of 7206?
2, 3, 1201
What are the prime factors of 2689?
2689
What are the prime factors of 27180?
2, 3, 5, 151
List the prime factors of 563.
563
What are the prime factors of 2661?
3, 887
List the prime factors of 81777.
3, 27259
What are the prime factors of 22921?
22921
What are the prime factors of 23744?
2, 7, 53
List the prime factors of 3429.
3, 127
List the prime factors of 9176.
2, 31, 37
What are the prime factors of 503?
503
What are the prime factors of 7402?
2, 3701
What are the prime factors of 16538?
2, 8269
List the prime factors of 1586.
2, 13, 61
What are the prime factors of 1828?
2, 457
What are the prime factors of 3755?
5, 751
List the prime factors of 1368.
2, 3, 19
What are the prime factors of 3577?
7, 73
What are the prime factors of 9572?
2, 2393
What are the prime factors of 1354?
2, 677
List the prime factors